{"id":2,"date":"2022-04-08T10:46:55","date_gmt":"2022-04-08T10:46:55","guid":{"rendered":"https:\/\/terceirenseracoes.com\/?page_id=2"},"modified":"2022-08-30T17:10:22","modified_gmt":"2022-08-30T17:10:22","slug":"sample-page","status":"publish","type":"page","link":"https:\/\/terceirenseracoes.com\/","title":{"rendered":"Inicio"},"content":{"rendered":"\n<p>A Terceirense Ra\u00e7\u00f5es encara como miss\u00e3o, o fabrico de alimentos compostos com elevado padr\u00e3o de qualidade e estabilidade, com vista ao aumento das performances da produ\u00e7\u00e3o animal.<\/p>\n\n\n\n<p>Procuramos, desde sempre, a evolu\u00e7\u00e3o do nosso setor de atividade e a otimiza\u00e7\u00e3o da rela\u00e7\u00e3o com o cliente, com o objetivo de assegurar um produto e servi\u00e7os eficazes, com a m\u00e1xima qualidade.<\/p>\n","protected":false},"excerpt":{"rendered":"A Terceirense Ra\u00e7\u00f5es encara como miss\u00e3o, o fabrico de alimentos compostos com elevado padr\u00e3o de qualidade e estabilidade, com vista ao aumento das performances da produ\u00e7\u00e3o animal. Procuramos, desde sempre, a evolu\u00e7\u00e3o do nosso setor de atividade e a otimiza\u00e7\u00e3o da rela\u00e7\u00e3o com o cliente, com o objetivo de assegurar um produto e servi\u00e7os eficazes,&#8230; <a class=\"view-article\" href=\"https:\/\/terceirenseracoes.com\/\">View Article<\/a>","protected":false},"author":1,"featured_media":35,"parent":0,"menu_order":0,"comment_status":"closed","ping_status":"open","template":"","meta":{"footnotes":""},"class_list":["post-2","page","type-page","status-publish","has-post-thumbnail","hentry"],"_links":{"self":[{"href":"https:\/\/terceirenseracoes.com\/index.php\/wp-json\/wp\/v2\/pages\/2","targetHints":{"allow":["GET"]}}],"collection":[{"href":"https:\/\/terceirenseracoes.com\/index.php\/wp-json\/wp\/v2\/pages"}],"about":[{"href":"https:\/\/terceirenseracoes.com\/index.php\/wp-json\/wp\/v2\/types\/page"}],"author":[{"embeddable":true,"href":"https:\/\/terceirenseracoes.com\/index.php\/wp-json\/wp\/v2\/users\/1"}],"replies":[{"embeddable":true,"href":"https:\/\/terceirenseracoes.com\/index.php\/wp-json\/wp\/v2\/comments?post=2"}],"version-history":[{"count":1,"href":"https:\/\/terceirenseracoes.com\/index.php\/wp-json\/wp\/v2\/pages\/2\/revisions"}],"predecessor-version":[{"id":9,"href":"https:\/\/terceirenseracoes.com\/index.php\/wp-json\/wp\/v2\/pages\/2\/revisions\/9"}],"wp:featuredmedia":[{"embeddable":true,"href":"https:\/\/terceirenseracoes.com\/index.php\/wp-json\/wp\/v2\/media\/35"}],"wp:attachment":[{"href":"https:\/\/terceirenseracoes.com\/index.php\/wp-json\/wp\/v2\/media?parent=2"}],"curies":[{"name":"wp","href":"https:\/\/api.w.org\/{rel}","templated":true}]}}